e the highest common factor of u and 45.
45
Suppose 5*c = 2*o - 158, -4*c - o - 100 = 4*o. Let a = 41 + c. Suppose 9 + a = m. Calculate the greatest common factor of 4 and m.
4
Let b be (17 - 1752/3)*-3. Calculate the highest common factor of b and 54.
27
Suppose 2900 = -368*t + 397*t. Let d(r) = 9*r**3 - 3*r**2 + 2*r. Let z be d(1). What is the greatest common factor of z and t?
4
Suppose -6*o + o = -300. Suppose 2*n + 0*n = z + 467, 4*n - 936 = 4*z. Let g = -133 + n. What is the greatest common factor of o and g?
20
Let w be 20/120*(77 - -1). Calculate the highest common divisor of w and 689.
13
Let x be (5 - (-145)/(-30)) + 1977/18. Let a be (x/(-4))/(7 + 86/(-12)). What is the highest common divisor of 45 and a?
15
Let u = -20432 - -20543. Suppose -5*x + 12 = -x. Calculate the highest common divisor of u and x.
3
Let o = -6521 + 6547. Calculate the greatest common divisor of 39 and o.
13
Let w(k) = k + 47. Let q(u) = 2*u - 48. Let o(y) = -2*q(y) - 3*w(y). Let f be o(-14). Calculate the greatest common factor of 53 and f.
53
Let x be 194/8*(70 + 66). What is the greatest common divisor of 136 and x?
34
Let j = -170 + -11. Let w = 253 + j. What is the greatest common factor of w and 120?
24
Suppose -111 - 159 = -3*f. Let b(g) = 6*g**2 - 93*g - 14898. Let d be b(-44). What is the greatest common factor of f and d?
90
Suppose 10*a + 1279 = 1479. Let b = -9 + 99. What is the greatest common factor of b and a?
10
Let j(t) = t**2 + 18*t - 122. Let r be j(-24). Let a be 730/r - ((-225)/33 - -7). Calculate the highest common factor of a and 44.
11
Suppose -n + 145 = -3*j, 4*j = 4*n - 429 - 151. Calculate the greatest common factor of 4930 and n.
145
Let p(a) = -a**3 + 7*a**2 - 12*a + 12. Let s be p(7). Let r = -66 - s. Suppose 0 = r*t + 10*t - 1120. Calculate the highest common divisor of 28 and t.
14
Let v = -358 + 355. Let p be 343 - (-5 + (-3 - v) - 0). Calculate the highest common factor of p and 12.
12
Let m(y) = -y**3 - 2*y**2 + 4*y + 8. Let c be m(-10). Suppose -15*j = -2*j - 156. What is the highest common factor of c and j?
12
Let c(u) = 39*u - 1854. Let n be c(90). Calculate the highest common divisor of 36 and n.
36
Let x(r) = -r**3 - 28*r**2 - 5*r - 119. Let h be x(-28). Calculate the greatest common factor of 2121 and h.
21
Let q = 158 + -126. Let j(s) = -2*s + 42. Let d be j(13). What is the greatest common divisor of q and d?
16
Let f be (-4)/((1 + -2)*6/15). Let t(c) = 3 + 0 + c - 6. Let l be t(f). Calculate the highest common factor of l and 14.
7
Let l = -2 + 3. Suppose 7*n - 5*n - 55 = t, 0 = 3*n + 2*t - 72. Suppose 73 = 11*m - n. Calculate the highest common divisor of l and m.
1
Suppose -3*o - 4*s - 1 = 0, -21 = -o + 7*s - 3*s. Suppose o*t - 107 = 13. What is the greatest common divisor of 24 and t?
24
Suppose -175*h - 58290 = 173*h - 358*h. What is the greatest common divisor of h and 174?
87
Suppose 0 = 5*h, -2*l - 17 = -3*l + 4*h. Let r be (-8)/3*(-3 - 6). Suppose 2*i - r = 10. What is the highest common factor of l and i?
17
Suppose 902 = 27231*q - 27149*q. Calculate the greatest common factor of 50325 and q.
11
Suppose 80 = 28*d - 7*d - 277. What is the greatest common divisor of 1 and d?
1
Let c(w) = -w**3 + 12*w**2 + 158 - 331 + 165 - 27*w. Let h be c(6). What is the highest common factor of 8 and h?
2
Suppose -2 + 7 = -5*z + 4*k, k = 4*z - 7. Let i(g) = -2*g**2 + 37*g - 104. Let n be i(13). What is the highest common factor of n and z?
3
Let w(h) = 11*h - 1. Let a be w(5). Let d be ((52/8)/(-1))/((-7)/(-280)*-130). Calculate the highest common divisor of a and d.
2
Let m be (-4530)/(-604)*462/5. Calculate the highest common divisor of 36 and m.
9
Let u(l) = 62*l**2 - 30*l + 13. Let i be u(-12). What is the greatest common factor of i and 71?
71
Let p(y) = -3*y - 4. Let j be p(-7). Let l be (-5)/(-2)*(315 - 281). Calculate the greatest common divisor of l and j.
17
Let s be 10/(-2)*(-24)/40 - -14. Suppose 4*a - 1 = -2*x + 3*x, -4*a = 2*x - 10. Let h be 3 + (x - 0) + 130. What is the greatest common divisor of h and s?
17
Let t be (10 - 16)*(3 - (-11610)/(-12)). Calculate the highest common factor of t and 9.
9
Let a be (-12)/36 + (-4564)/(-12). Let d be 4*25/15*3. Calculate the highest common divisor of d and a.
20
Suppose 3*u - 4*u + 8 = 0. Let w = 18 - u. Suppose -3*h + 2*y = -114, 4*y + 30 = h + 2. Calculate the highest common factor of w and h.
10
Suppose 0 = -101*g - 212*g + 7447 + 20723. What is the greatest common factor of 1440 and g?
90
Let z be (12/(-10) - -2) + 1807/(-65). Let j = 31 + z. Suppose -2*p = -3*p + 3. Calculate the greatest common divisor of j and p.
1
Let x(f) = -152*f. Let y be x(-1). Suppose 5*z - 2475 = -5*w, -w + 100 + 396 = 2*z. Suppose 5*q + w = 31*q. Calculate the highest common divisor of q and y.
19
Suppose -5*l - 3*j + 79 = 0, 3*l - j - 36 = j. Let u(g) = -g**2 + 2*g + 35. Let f = -23 - -23. Let r be u(f). What is the highest common factor of r and l?
7
Let n(x) = -3*x**3 + 6*x**2 + 22*x + 1. Let m be n(5). Let y be ((-48)/(-16))/(3/(m/(-2))). What is the greatest common divisor of 6 and y?
3
Let i = -17666 - -17893. What is the highest common factor of 19522 and i?
227
Suppose -25*m = -9*m + 266*m - 14664. Suppose 477 = 5*l - 368. Calculate the highest common factor of m and l.
13
Suppose 136*m = 140*m - 44. Let y = 0 - -1. Let g be (-6)/3 - (y - 91). What is the greatest common factor of m and g?
11
Let y(w) = -2*w**2 - 13*w + 76. Let n be y(-10). Suppose 1227 = n*z - 261. What is the highest common factor of z and 8?
8
Let d(l) = 4*l**3 + 136*l**2 - 55*l + 80. Let r be d(-33). What is the greatest common divisor of r and 133?
133
Let t(r) = 119*r**3 + 2*r**2 + 139*r - 141. Let b be t(1). Calculate the greatest common divisor of 763 and b.
7
Suppose -286*y = -1489383 + 272167. Calculate the highest common factor of 38 and y.
38
Suppose 614 = 10*a - a - 4498. Calculate the greatest common divisor of 923 and a.
71
Suppose 13*q - 5*r - 10722 = 0, 2*q - 3*r = 6*q - 3290. Calculate the greatest common factor of q and 3193.
103
Let p be 1 - 18*(-2 + (-3)/3). Calculate the greatest common factor of 5819 and p.
11
Let d(x) = 10*x + 115. Let f be d(-11). Suppose -f*i = -4*t - 2084, -82 = -2*i - 5*t + 745. Calculate the greatest common divisor of i and 13.
13
Suppose -25*w + 88 = -3*w. Suppose -4*x + 72 = w*p, -43 = -x + 3*p + p. Calculate the greatest common factor of x and 115.
23
Suppose 4*x - 9081 = 3*b, x - 2*x + 2253 = 5*b. Suppose -x = 10*s - 13*s. Suppose 0 = -19*g + 25*g - s. What is the greatest common factor of g and 84?
42
Suppose 14*z = 23 + 75. Let h(l) = 205 + 2*l**2 - 16*l - 194 + 3*l. Let q be h(8). What is the greatest common factor of z and q?
7
Let c be ((-6)/(-9))/((-6)/2466). Let y = 301 + c. Calculate the greatest common factor of 135 and y.
27
Let c(p) = p**3 + 17*p**2 + 41*p - 48. Let d be c(-8). Calculate the greatest common divisor of d and 456.
8
Let t be ((-352)/22 - (-36)/3)/(8/(-22)). What is the greatest common factor of t and 173?
1
Let j = 3002 - 698. Let q be (-51)/(-2)*j/108. Calculate the highest common divisor of q and 64.
32
Suppose -198*y = -197*y + 2*i - 152, i = -y + 146. Calculate the highest common factor of y and 14.
14
Let v = 3 + 169. Suppose -f = 3*s - 5*f - 142, -f - v = -4*s. Let b = 58 - s. What is the highest common factor of 4 and b?
4
Let w = 23 - -17. Let p be -16 + (16 - 140)*-4. What is the highest common divisor of p and w?
40
Let v = 433 - 427. Suppose -5*m - 70 = -265. Calculate the greatest common factor of v and m.
3
Let s = -561 - -568. Let h = -20 + 28. Let l be 2 + 2 + (h - 5). Calculate the greatest common divisor of s and l.
7
Let q be 42/9 - (-11)/33. Calculate the greatest common divisor of q and 6515.
5
Let y(m) = 41*m - 5385. Let a be y(150). Calculate the greatest common divisor of 170 and a.
85
Let d = 2885 - 2837. Suppose 2*m + 2*i - 63 - 61 = 0, 8 = 4*i. Calculate the greatest common factor of m and d.
12
Let i be (-6)/(-4)*(-256)/(-48). Let l(k) = k + 6*k - 2*k - 3*k - 5. Let y be l(i). Calculate the highest common factor of 11 and y.
11
Let s(d) = d**3 - 25*d**2 + 48*d - 50. Let t be s(23). Let j be 7/98*t*35*-1. What is the highest common factor of 15 and j?
5
Suppose g = -4 - 23. Let c = 40 + g. What is the great